igit of w(-3)?
3
Let v(f) = f**2 + 8*f + 9. What is the units digit of v(-7)?
2
Let h = -2 - -4. Suppose h*y = -2*y + 20. What is the units digit of (y/1)/((-2)/(-4))?
0
Suppose 0 = 5*v - 3*v. Let i = v + 10. What is the tens digit of i?
1
Let a(h) be the third derivative of -h**5/60 + 3*h**4/8 - 2*h**3/3 + 2*h**2. What is the units digit of a(7)?
0
What is the units digit of (-2133)/108*16/(-1)?
6
Let t = -191 - -427. What is the hundreds digit of t?
2
Let a(b) = 3*b - 2*b - 1 + 15. What is the units digit of a(-6)?
8
Suppose -60 = 5*u + 5*f, 6*u + f = 4*u - 23. Let v = 28 - u. What is the units digit of v?
9
Let l(v) = 28*v - 2. What is the units digit of l(1)?
6
Let r(f) = -8*f - 9. Let v(o) = -4*o - 4. Let h(z) = 3*r(z) - 7*v(z). What is the tens digit of h(4)?
1
Let u = 6 + 3. Suppose 10 + 8 = -3*l. What is the units digit of (-8 - 1)*l/u?
6
Suppose 12*r + 82 = 262. What is the tens digit of r?
1
Suppose -25*u + 23*u = -674. What is the tens digit of u?
3
Let w(j) = -17*j - 2. Let l be w(-2). Let u = -16 + l. Suppose -u = -5*c + 9. What is the units digit of c?
5
Suppose -2*r = 4*v - 5*r + 7, v = -r + 7. Let c = v + -2. Let q = c - -2. What is the units digit of q?
2
Suppose -72 = -4*o + 2*o - 3*j, 3*j - 105 = -3*o. What is the units digit of o?
3
Let i(n) = 2*n**3 - n**2 - 4*n + 3. Let q be i(2). Suppose -2*h - 2*x = 17 + 115, 0 = 4*x + 20. What is the units digit of h/(-7) - (-2)/q?
9
Let h(t) = -t**2 - 6*t + 5. Let i be h(-7). Let q(d) = -2*d**2. Let m be q(i). What is the units digit of (m/5)/((-2)/10)?
8
Suppose 3*y - 256 = -2*u, y + 3*u + 1 = 77. What is the tens digit of y?
8
Let o(m) = 3*m - 1 - m**2 - 4*m**2 + 2*m**2 + 0*m**3 - m**3. Let s be o(-4). Suppose 12 = s*l - 2*l. What is the tens digit of l?
1
Let x(r) = -r**2 - 2*r + 212. What is the units digit of x(0)?
2
Suppose -3*r - 46 = -r. Let q = 37 + r. What is the tens digit of q?
1
Let l(b) = 42*b**2 - 2*b - 2. What is the units digit of l(-1)?
2
Suppose 0 = 3*u + 2*c + 7 + 31, 4*u + 4*c + 44 = 0. Let a = 37 + u. Suppose 0 = 2*f + b + 3 - a, 5*f - 4*b = 45. What is the units digit of f?
9
Suppose o + 339 = 3*j + 2*o, 3*o = j - 103. What is the tens digit of j?
1
Let r be 4/10 - (-15)/25. Suppose 5*g - 26 = -r. What is the units digit of 3 + (g - 0/(-2))?
8
Suppose 0 = -x - 8 + 4. Let t = x - -14. What is the units digit of -3*t/(-6)*1?
5
Suppose 2*a - 46 = 4*r - 2*r, -3*a = 2*r - 59. What is the units digit of a?
1
Suppose 0 = 5*q + 4*s + 128, -2*s + 6 = q + 28. What is the units digit of (-2)/(-7) - 76/q?
3
Let l(i) = i**3 + 4*i**2 + 5*i + 3. Let w be l(-3). What is the tens digit of ((-20)/(-3))/((-1)/w)?
2
Suppose -2*y = -4*y - 2. What is the units digit of -4*4/(-8) + y?
1
What is the units digit of -1 + (-1)/(1/(-18))?
7
Let s(h) = -h**2 + 4. Let u be s(0). Suppose 5 = 3*l - u. What is the units digit of (2/l)/((-5)/(-45))?
6
Let m(l) = l - 5*l - 5*l + l. Let q be m(-1). What is the tens digit of ((-15)/(-2))/(q/16)?
1
Let j(f) = 11*f + 1. Let t be j(-1). Let n = 12 + t. What is the units digit of n?
2
Let k = -20 + 53. What is the tens digit of k?
3
Let h(q) = q - 8. Let j be h(8). Suppose -48 = -j*n - 4*n. What is the units digit of n?
2
Let p = -23 + 32. Let z = 19 - p. What is the units digit of z?
0
Let s(g) = g**2 - g + 5. Let d(u) = 3*u**2 - 3*u + 14. Let w(m) = 3*d(m) - 8*s(m). What is the tens digit of w(4)?
1
Let t = -51 - -212. What is the units digit of t?
1
Suppose -7*v + 11*v = -4*f + 60, -v = 3*f - 35. What is the tens digit of f?
1
Let k(l) = 2*l**2 - 4*l + 335. What is the units digit of k(0)?
5
Let g(o) = o + 10. Let h be g(-8). Suppose -5*i = -7*q + h*q + 40, -2*q + 18 = -3*i. What is the units digit of q?
6
Let n be (-4)/10 - (-64)/10. Suppose -l - l + n = 0. What is the units digit of l?
3
Suppose 3*v - 1 = -4*r - 4, -2*v + 4*r = -18. Suppose -3*x = v*p + x - 12, 0 = -x + 3. Suppose p = -5*k + 6 - 1. What is the units digit of k?
1
Let w(z) = 3*z - 1. Let o be w(1). Suppose 5*v - 4*i - o + 3 = 0, -4*v - 3*i = -24. Suppose 4*p + v*r = 2*r + 6, -r = p. What is the units digit of p?
2
Let a(o) = 6*o + 1. Let c be (-4)/16*2*-12. What is the units digit of a(c)?
7
Let f be 8/10*275/10. Let b = f + 6. What is the tens digit of b?
2
Let b = 479 - 268. What is the hundreds digit of b?
2
Let p(r) = 7*r**3 - 6*r + 10. What is the hundreds digit of p(3)?
1
Let p be (0 + 3)*16/(-6). Let a be (p/10)/(2/(-5)). Let t(y) = y**3 - 4*y + 3. What is the units digit of t(a)?
3
Let c(l) = -23*l + 51. What is the tens digit of c(-3)?
2
Let t = 37 + -21. What is the units digit of t?
6
Suppose 4*s = -3*o + 41, -s = 4*s - 4*o - 28. What is the units digit of s?
8
Suppose -4*s + 4*m + 2 = -2*s, m = 0. Suppose -4*w - s = -9. What is the tens digit of w*2/(-4) - -11?
1
Suppose 4*g = 2*g + 424. What is the tens digit of g?
1
Let a be 4 - 4/(-6)*-3. Suppose 10 = 2*l - 2*o, 7*o + 25 = a*o. Suppose l*s + 2*s = 16. What is the units digit of s?
8
What is the tens digit of (-360)/(-3) + (6/(-3))/1?
1
Let m(l) = -l**3 + 18*l**2 - 6*l + 31. What is the units digit of m(17)?
8
Suppose -390 = -9*m + 7*m. What is the hundreds digit of m?
1
Let z(w) = w**2 - 13*w + 14. What is the units digit of z(12)?
2
Suppose -l + 24 = 2*i, 4*l + l + 34 = i. What is the tens digit of i?
1
Suppose 0 = 4*k + 5*t - 9, 5*k + 2*t = -7 - 3. Let o = -2 - k. Suppose 5*j - 1 = o*g, 3*j + 0*j + 5*g = 13. What is the units digit of j?
1
Suppose 0*w - 66 = -w. Let a be w/4 - 4/8. Let h = -8 + a. What is the units digit of h?
8
Suppose 0 = 5*x + 2*m + 2*m - 80, -45 = -x + 5*m. What is the units digit of (-2)/5 - (-68)/x?
3
What is the units digit of (8 - -1)*(-13)/(-1)*1?
7
Let r(y) = y**2 + 8. Let p be r(0). Suppose 0 = -6*c + 2*c + p. What is the units digit of (-28)/(-10) + c/10?
3
Let l(s) = s**2 + 2*s + 3. Let k be l(-8). Let f = k + -22. What is the units digit of f?
9
Let i be (-1 + 3/2)*-6. Let b = 8 + i. What is the units digit of b?
5
Let r be (-3 + 3)/((-2)/(-2)). Suppose n - 4 = -v, -5*n = -2*v - 13 - r. What is the units digit of (1/n)/(4/48)?
4
Let u(r) = 3*r**2 - 16*r + 8. Let b(j) = -2*j**2 + 8*j - 4. Let l(w) = 5*b(w) + 3*u(w). What is the tens digit of l(-5)?
1
Let k(q) = -q**2 - 9*q + 7. What is the units digit of k(-9)?
7
Suppose 668 = 11*m - 465. What is the units digit of m?
3
Suppose -5*t = -0*t + 5*x - 680, t - x = 138. What is the tens digit of t?
3
Let q = 0 - -3. Let c = 6 - q. Suppose c*u - 35 = -5. What is the units digit of u?
0
Suppose -26*o + 5282 = -152. What is the units digit of o?
9
Let w = 6 + -6. Suppose w*s + 12 = -3*s. Let z(o) = o**3 + 5*o**2 + 1. What is the tens digit of z(s)?
1
Let b(l) = 4*l**2 - 3*l - 53. What is the units digit of b(-7)?
4
Suppose 5*g - 6 = 19. Suppose -3*r = g*j - 107, -r - 3*r = 2*j - 152. What is the units digit of r?
9
Suppose 2*m + 74 = h, -h + 0*h + 5*m = -65. What is the units digit of h?
0
Let b(d) = -1 - 3*d - 5*d - 5 - d**2. What is the units digit of b(-7)?
1
Let b be 5036/(-10) - 6/15. What is the units digit of b/(-49) - (-2)/(-7)?
0
Let z(m) = -12*m + 2. What is the tens digit of z(-5)?
6
Let j(v) = 2*v**2 + 3*v. Let a be j(-2). Suppose 3*o - 46 = 5*g, -g - 30 = -2*o + a*g. What is the tens digit of o?
1
What is the units digit of ((-3)/2)/((-3)/126)?
3
Let k(p) = p - 1. Let b = -11 - -15. Suppose -3*j - b*f = -14, 0 = 5*j - 0*j + 4*f - 26. What is the units digit of k(j)?
5
Let j(k) = k**2 + 8*k - 3. Let z = -20 - -10. What is the tens digit of j(z)?
1
Let r(w) be the first derivative of -w**2 + 10*w - 1. What is the tens digit of r(0)?
1
Let c(j) = -j. Suppose -2*a = -6*a. Suppose 4*l = 6*l - h + 2, 4*h + 16 = a. What is the units digit of c(l)?
3
Let l = 92 + -88. What is the units digit of l?
4
Let b(d) = 2*d + 13. What is the tens digit of b(14)?
4
What is the units digit of ((-20)/(-15))/((-3)/(-180))?
0
Suppose 3*g + 15 - 110 = -5*m, -10 = -2*g. What is the tens digit of m?
1
Suppose -25 - 55 = -5*l. What is the tens digit of l?
1
Let f(b) = -4*b**3 + 2*b**2 + 4*b + 2. What is the tens digit of f(-3)?
1
Suppose -n + 2 - 1 = 0. Suppose w + n = -4*j + 2, -4*w + j = -4. Suppose 0 = f - 1 - w. What is the units digit of f?
2
What is the tens digit of 8/(-44) + 343/11?
3
Let b(a) = 34*a**3 + 5*a**2 - 5*a + 1. What is the hundreds 